{"id":1993,"date":"2022-12-09T16:44:12","date_gmt":"2022-12-09T15:44:12","guid":{"rendered":"https:\/\/ertlbutor.hu\/referencia\/hotels-beherbergungsaehnliche-einrichtungen\/chalet-obergurgl\/"},"modified":"2023-02-02T12:20:03","modified_gmt":"2023-02-02T11:20:03","slug":"chalet-obergurgl","status":"publish","type":"portfolio","link":"https:\/\/ertlbutor.hu\/de\/referencia\/hotels-beherbergungsaehnliche-einrichtungen\/chalet-obergurgl\/","title":{"rendered":"Chalet Obergurgl"},"content":{"rendered":"<section class=\"wpb-content-wrapper\"><p>[vc_row row_height_percent=&#8220;0&#8243; override_padding=&#8220;yes&#8220; h_padding=&#8220;2&#8243; top_padding=&#8220;4&#8243; bottom_padding=&#8220;3&#8243; overlay_alpha=&#8220;100&#8243; gutter_size=&#8220;100&#8243; column_width_percent=&#8220;100&#8243; shift_y=&#8220;0&#8243; z_index=&#8220;0&#8243; style=&#8220;inherited&#8220; uncode_shortcode_id=&#8220;130020&#8243;][vc_column column_width_percent=&#8220;100&#8243; align_horizontal=&#8220;align_center&#8220; gutter_size=&#8220;3&#8243; overlay_alpha=&#8220;50&#8243; shift_x=&#8220;0&#8243; shift_y=&#8220;0&#8243; medium_width=&#8220;0&#8243; zoom_width=&#8220;0&#8243; zoom_height=&#8220;0&#8243; width=&#8220;1\/1&#8243;][vc_gallery el_id=&#8220;gallery-34&#8243; medias=&#8220;988,991,994,997,1000,1003,1006,1009,1012,1015,1018,1021,1024,1027,1033,1036,1039,1042,1045,1048,1051,1054,1057,1060,1063,1066,1069,1072,1075,1078,1081,1084,1087&#8243; gutter_size=&#8220;2&#8243; media_items=&#8220;media|lightbox|original,icon|md&#8220; screen_lg=&#8220;1000&#8243; screen_md=&#8220;600&#8243; screen_sm=&#8220;480&#8243; single_overlay_opacity=&#8220;50&#8243; single_image_anim=&#8220;no&#8220; single_h_align=&#8220;center&#8220; single_padding=&#8220;2&#8243; single_icon=&#8220;fa fa-plus2&#8243; single_border=&#8220;yes&#8220; single_css_animation=&#8220;top-t-bottom&#8220; lbox_caption=&#8220;yes&#8220; no_double_tap=&#8220;yes&#8220; carousel_rtl=&#8220;&#8220; single_title_uppercase=&#8220;&#8220; single_title_bold=&#8220;&#8220; single_title_serif=&#8220;&#8220; onclick=&#8220;link_image&#8220; custom_links_target=&#8220;_self&#8220; items=&#8220;eyI4ODY4X2kiOnsic2luZ2xlX3dpZHRoIjoiNCIsInNpbmdsZV9oZWlnaHQiOiI0In0sIjg4NjJfaSI6eyJzaW5nbGVfd2lkdGgiOiI0Iiwic2luZ2xlX2hlaWdodCI6IjQifSwiODg2MF9pIjp7InNpbmdsZV93aWR0aCI6IjQiLCJzaW5nbGVfaGVpZ2h0IjoiNCJ9LCIyNjIxOF9pIjp7InNpbmdsZV93aWR0aCI6IjQiLCJzaW5nbGVfaGVpZ2h0IjoiNCJ9LCIyNjIyNF9pIjp7InNpbmdsZV93aWR0aCI6IjQiLCJzaW5nbGVfaGVpZ2h0IjoiNCJ9LCIyNjIyMl9pIjp7InNpbmdsZV93aWR0aCI6IjQiLCJzaW5nbGVfaGVpZ2h0IjoiNCJ9LCIyNjIyOV9pIjp7InNpbmdsZV93aWR0aCI6IjQiLCJzaW5nbGVfaGVpZ2h0IjoiNCJ9fQ==&#8220; single_half_padding=&#8220;&#8220; single_no_background=&#8220;&#8220; uncode_shortcode_id=&#8220;849641&#8243;][\/vc_column][\/vc_row]<\/p>\n<\/section>","protected":false},"excerpt":{"rendered":"<p>Chalet Obergurgl befindet sich in den Tiroler Bergen. Dank seiner Lage ist es im Winter ein Skiparadies und im Sommer bietet perfekte Unterkunftsm\u00f6glichkeit f\u00fcr Personen, die sich eine aktive Erholung w\u00fcnschen. In diesem Komplex gibt es insgesamt 24 Apartments. Die stimmungs- und geschmacksvolle Einrichtung mit modernem Design und alpiner Stimmung stellen die haupts\u00e4chlichen Aspekte dar. Es macht uns Freude, dass wir durch die M\u00f6blierung der Apartments zur komfortablen Entspannung der G\u00e4ste beitragen und eine gem\u00fctliche Atmosph\u00e4re schaffen konnten.    <\/p>\n","protected":false},"author":1,"featured_media":1077,"parent":1991,"menu_order":0,"comment_status":"closed","ping_status":"closed","template":"","meta":{"_seopress_robots_primary_cat":"","_seopress_titles_title":"","_seopress_titles_desc":"","_seopress_robots_index":"","om_disable_all_campaigns":false,"_monsterinsights_skip_tracking":false,"_monsterinsights_sitenote_active":false,"_monsterinsights_sitenote_note":"","_monsterinsights_sitenote_category":0,"_uf_show_specific_survey":0,"_uf_disable_surveys":false,"footnotes":""},"portfolio_category":[65],"referencia_tag":[26],"class_list":["post-1993","portfolio","type-portfolio","status-publish","has-post-thumbnail","hentry","portfolio_category-obergurgl-de","referencia_tag-hotel"],"aioseo_notices":[],"_links":{"self":[{"href":"https:\/\/ertlbutor.hu\/de\/wp-json\/wp\/v2\/portfolio\/1993","targetHints":{"allow":["GET"]}}],"collection":[{"href":"https:\/\/ertlbutor.hu\/de\/wp-json\/wp\/v2\/portfolio"}],"about":[{"href":"https:\/\/ertlbutor.hu\/de\/wp-json\/wp\/v2\/types\/portfolio"}],"author":[{"embeddable":true,"href":"https:\/\/ertlbutor.hu\/de\/wp-json\/wp\/v2\/users\/1"}],"replies":[{"embeddable":true,"href":"https:\/\/ertlbutor.hu\/de\/wp-json\/wp\/v2\/comments?post=1993"}],"version-history":[{"count":0,"href":"https:\/\/ertlbutor.hu\/de\/wp-json\/wp\/v2\/portfolio\/1993\/revisions"}],"up":[{"embeddable":true,"href":"https:\/\/ertlbutor.hu\/de\/wp-json\/wp\/v2\/portfolio\/1991"}],"wp:featuredmedia":[{"embeddable":true,"href":"https:\/\/ertlbutor.hu\/de\/wp-json\/wp\/v2\/media\/1077"}],"wp:attachment":[{"href":"https:\/\/ertlbutor.hu\/de\/wp-json\/wp\/v2\/media?parent=1993"}],"wp:term":[{"taxonomy":"portfolio_category","embeddable":true,"href":"https:\/\/ertlbutor.hu\/de\/wp-json\/wp\/v2\/portfolio_category?post=1993"},{"taxonomy":"referencia_tag","embeddable":true,"href":"https:\/\/ertlbutor.hu\/de\/wp-json\/wp\/v2\/referencia_tag?post=1993"}],"curies":[{"name":"wp","href":"https:\/\/api.w.org\/{rel}","templated":true}]}}

<p>Chalet Obergurgl befindet sich in den Tiroler Bergen. Dank seiner Lage ist es im Winter ein Skiparadies und im Sommer bietet perfekte Unterkunftsmöglichkeit für Personen, die sich eine aktive Erholung wünschen. In diesem Komplex gibt es insgesamt 24 Apartments. Die stimmungs- und geschmacksvolle Einrichtung mit modernem Design und alpiner Stimmung stellen die hauptsächlichen Aspekte dar. Es macht uns Freude, dass wir durch die Möblierung der Apartments zur komfortablen Entspannung der Gäste beitragen und eine gemütliche Atmosphäre schaffen konnten.    </p>
