{"id":1975,"date":"2022-12-09T16:39:59","date_gmt":"2022-12-09T15:39:59","guid":{"rendered":"https:\/\/ertlbutor.hu\/ueber-uns\/"},"modified":"2023-05-09T09:29:22","modified_gmt":"2023-05-09T08:29:22","slug":"ueber-uns","status":"publish","type":"page","link":"https:\/\/ertlbutor.hu\/de\/ueber-uns\/","title":{"rendered":"\u00dcber uns"},"content":{"rendered":"<section class=\"wpb-content-wrapper\"><p>[vc_row row_height_percent=&#8220;0&#8243; override_padding=&#8220;yes&#8220; h_padding=&#8220;2&#8243; top_padding=&#8220;4&#8243; bottom_padding=&#8220;5&#8243; overlay_alpha=&#8220;100&#8243; gutter_size=&#8220;3&#8243; column_width_percent=&#8220;100&#8243; shift_y=&#8220;0&#8243; z_index=&#8220;0&#8243; row_height_use_pixel=&#8220;&#8220; uncode_shortcode_id=&#8220;506214&#8243;][vc_column column_width_use_pixel=&#8220;yes&#8220; gutter_size=&#8220;3&#8243; overlay_alpha=&#8220;50&#8243; shift_x=&#8220;0&#8243; shift_y=&#8220;0&#8243; shift_y_down=&#8220;0&#8243; z_index=&#8220;0&#8243; medium_width=&#8220;0&#8243; mobile_width=&#8220;0&#8243; zoom_width=&#8220;0&#8243; zoom_height=&#8220;0&#8243; column_width_pixel=&#8220;700&#8243; uncode_shortcode_id=&#8220;173533&#8243;][vc_column_text uncode_shortcode_id=&#8220;368371&#8243;]<strong>Durch die Fa. Ertl Faipari Kft. und die Fa. ER-FA 2000 Faipari Kft. &#8211; die die ERTL-Gruppe bilden &#8211; wird erzielt, ihre innovativen Produkte, qualitativ hochwertigen und preiswerten Dienstleistungen jederzeit mit hoher Fachkompetenz, zuverl\u00e4ssig und fristgerecht ihren Kunden zu liefern bzw. zu erf\u00fcllen.  <\/strong>[\/vc_column_text][vc_custom_heading heading_semantic=&#8220;h3&#8243; text_size=&#8220;h3&#8243; text_weight=&#8220;700&#8243; uncode_shortcode_id=&#8220;112306&#8243; el_class=&#8220;quote&#8220;]Wir erzielen und planen, die von<br \/>\nunseren Kunden\/Auftraggebern ertr\u00e4umten M\u00f6bel zu realisieren.[\/vc_custom_heading][vc_column_text text_lead=&#8220;yes&#8220; uncode_shortcode_id=&#8220;143909&#8243;]Die Geschichte unserer Unternehmensgruppe geht bis auf das Jahr 1990 zur\u00fcck, als Ferenc Ertl als Tischler seine selbstst\u00e4ndige unternehmerische T\u00e4tigkeit gestartet hat. Im Jahr 1995 hat er einen Teil des heutigen Betriebsgel\u00e4ndes gekauft und 1996 die Firma ER-FA 2000 Faipari Kft gegr\u00fcndet, die im Bereich Handel mit M\u00f6belgrundstoffen und M\u00f6belzubeh\u00f6ren sowie in der Herstellung von individuellen M\u00f6beln t\u00e4tig ist. <\/p>\n<p>Im Jahr 1996 haben wir unser Gesch\u00e4ft in Sz\u00e9kesfeh\u00e9rv\u00e1r er\u00f6ffnet. Einer der wichtigsten Meilensteine im Leben der Unternehmensgruppe ist dann im Jahr 2001 eingetreten, als die Bereiche Handel und M\u00f6belproduktion getrennt wurden und die Fa. ERTL Faipari Kft. gegr\u00fcndet wurde. Durch die Trennung der beiden Hauptaktivit\u00e4ten konnten wir die Materialbeschaffung und die kaufm\u00e4nnischen Aufgaben optimieren und die Produktion wirtschaftlicher und kosteng\u00fcnstiger realisieren.[\/vc_column_text][\/vc_column][\/vc_row][vc_row unlock_row_content=&#8220;yes&#8220; row_height_percent=&#8220;0&#8243; overlay_alpha=&#8220;50&#8243; gutter_size=&#8220;3&#8243; column_width_percent=&#8220;100&#8243; shift_y=&#8220;0&#8243; z_index=&#8220;0&#8243; uncode_shortcode_id=&#8220;137274&#8243;][vc_column column_width_percent=&#8220;100&#8243; position_vertical=&#8220;middle&#8220; align_horizontal=&#8220;align_center&#8220; gutter_size=&#8220;3&#8243; overlay_alpha=&#8220;50&#8243; shift_x=&#8220;0&#8243; shift_y=&#8220;0&#8243; shift_y_down=&#8220;0&#8243; z_index=&#8220;0&#8243; medium_width=&#8220;0&#8243; mobile_width=&#8220;0&#8243; width=&#8220;1\/1&#8243; uncode_shortcode_id=&#8220;767762&#8243;][vc_single_image media=&#8220;320&#8243; media_width_percent=&#8220;100&#8243; uncode_shortcode_id=&#8220;691539&#8243; el_class=&#8220;respo-svg&#8220;][\/vc_column][\/vc_row][vc_row row_height_percent=&#8220;0&#8243; override_padding=&#8220;yes&#8220; h_padding=&#8220;2&#8243; top_padding=&#8220;3&#8243; bottom_padding=&#8220;2&#8243; overlay_alpha=&#8220;100&#8243; gutter_size=&#8220;3&#8243; column_width_percent=&#8220;100&#8243; shift_y=&#8220;0&#8243; z_index=&#8220;0&#8243; row_height_use_pixel=&#8220;&#8220; uncode_shortcode_id=&#8220;111227&#8243; shape_dividers=&#8220;&#8220;][vc_column column_width_use_pixel=&#8220;yes&#8220; gutter_size=&#8220;3&#8243; overlay_alpha=&#8220;50&#8243; shift_x=&#8220;0&#8243; shift_y=&#8220;0&#8243; shift_y_down=&#8220;0&#8243; z_index=&#8220;0&#8243; medium_width=&#8220;0&#8243; mobile_width=&#8220;0&#8243; zoom_width=&#8220;0&#8243; zoom_height=&#8220;0&#8243; column_width_pixel=&#8220;700&#8243; uncode_shortcode_id=&#8220;173533&#8243;][vc_column_text text_lead=&#8220;yes&#8220; uncode_shortcode_id=&#8220;302344&#8243;]In unserer Produktionsst\u00e4tte sind alle Voraussetzungen erf\u00fcllt, um M\u00f6bel herzustellen, die den heutigen Anforderungen bzw. Erwartungen entsprechen. Unsere Kapazit\u00e4ten erlauben es uns, gro\u00dfe Projekte zu \u00fcbernehmen, und wir verf\u00fcgen auch \u00fcber den entsprechenden beruflichen Hintergrund sowie Erfahrungen, individuelle Produkte herzustellen. Die Qualit\u00e4t spielt eine wichtige Rolle in der Ideologie unseres Unternehmens, deshalb betrachten wir die Qualit\u00e4tskontrolle als eine besondere Aufgabe (mit Priorit\u00e4t). Dies hat es uns erm\u00f6glicht, ein wichtiger Lieferant f\u00fcr mehrere internationale Netzwerke zu werden.   <\/p>\n<p>Heute sorgen 160 Mitarbeiter, eine Produktionsst\u00e4tte mit einer Grundfl\u00e4che von 4500 Quadratmetern, Lagerfl\u00e4chen f\u00fcr Werkstoffe und Fertigprodukte von 5300 Quadratmetern, sowie Einzelhandelsgesch\u00e4fte und B\u00fcror\u00e4ume auf insgesamt 1600 Quadratmetern f\u00fcr die optimalen Arbeitsbedingungen. Im Jahr 2021 hat unser Umsatz 1 Milliarde HUF erreicht. Wir haben M\u00f6bel in mehr als 20 L\u00e4nder weltweit geliefert.[\/vc_column_text][\/vc_column][\/vc_row][vc_row unlock_row_content=&#8220;yes&#8220; row_height_percent=&#8220;0&#8243; override_padding=&#8220;yes&#8220; h_padding=&#8220;0&#8243; top_padding=&#8220;2&#8243; bottom_padding=&#8220;2&#8243; overlay_alpha=&#8220;50&#8243; gutter_size=&#8220;3&#8243; column_width_percent=&#8220;100&#8243; shift_y=&#8220;0&#8243; z_index=&#8220;0&#8243; uncode_shortcode_id=&#8220;197830&#8243;][vc_column width=&#8220;1\/1&#8243;][uncode_block id=&#8220;311&#8243;][\/vc_column][\/vc_row]<\/p>\n<\/section>","protected":false},"excerpt":{"rendered":"<p>Heute arbeiten wir f\u00fcr zufriedene, wiederkehrende Kunden in Ungarn und auch in ganz Europa.<\/p>\n","protected":false},"author":1,"featured_media":300,"parent":0,"menu_order":0,"comment_status":"closed","ping_status":"closed","template":"","meta":{"_seopress_robots_primary_cat":"","_seopress_titles_title":"","_seopress_titles_desc":"","_seopress_robots_index":"","om_disable_all_campaigns":false,"_monsterinsights_skip_tracking":false,"_monsterinsights_sitenote_active":false,"_monsterinsights_sitenote_note":"","_monsterinsights_sitenote_category":0,"_uf_show_specific_survey":0,"_uf_disable_surveys":false,"footnotes":""},"class_list":["post-1975","page","type-page","status-publish","has-post-thumbnail","hentry"],"aioseo_notices":[],"_links":{"self":[{"href":"https:\/\/ertlbutor.hu\/de\/wp-json\/wp\/v2\/pages\/1975","targetHints":{"allow":["GET"]}}],"collection":[{"href":"https:\/\/ertlbutor.hu\/de\/wp-json\/wp\/v2\/pages"}],"about":[{"href":"https:\/\/ertlbutor.hu\/de\/wp-json\/wp\/v2\/types\/page"}],"author":[{"embeddable":true,"href":"https:\/\/ertlbutor.hu\/de\/wp-json\/wp\/v2\/users\/1"}],"replies":[{"embeddable":true,"href":"https:\/\/ertlbutor.hu\/de\/wp-json\/wp\/v2\/comments?post=1975"}],"version-history":[{"count":3,"href":"https:\/\/ertlbutor.hu\/de\/wp-json\/wp\/v2\/pages\/1975\/revisions"}],"predecessor-version":[{"id":2439,"href":"https:\/\/ertlbutor.hu\/de\/wp-json\/wp\/v2\/pages\/1975\/revisions\/2439"}],"wp:featuredmedia":[{"embeddable":true,"href":"https:\/\/ertlbutor.hu\/de\/wp-json\/wp\/v2\/media\/300"}],"wp:attachment":[{"href":"https:\/\/ertlbutor.hu\/de\/wp-json\/wp\/v2\/media?parent=1975"}],"curies":[{"name":"wp","href":"https:\/\/api.w.org\/{rel}","templated":true}]}}

Über uns

<section class="wpb-content-wrapper"><p>[vc_row row_height_percent=&#8220;0&#8243; override_padding=&#8220;yes&#8220; h_padding=&#8220;2&#8243; top_padding=&#8220;4&#8243; bottom_padding=&#8220;5&#8243; overlay_alpha=&#8220;100&#8243; gutter_size=&#8220;3&#8243; column_width_percent=&#8220;100&#8243; shift_y=&#8220;0&#8243; z_index=&#8220;0&#8243; row_height_use_pixel=&#8220;&#8220; uncode_shortcode_id=&#8220;506214&#8243;][vc_column column_width_use_pixel=&#8220;yes&#8220; gutter_size=&#8220;3&#8243; overlay_alpha=&#8220;50&#8243; shift_x=&#8220;0&#8243; shift_y=&#8220;0&#8243; shift_y_down=&#8220;0&#8243; z_index=&#8220;0&#8243; medium_width=&#8220;0&#8243; mobile_width=&#8220;0&#8243; zoom_width=&#8220;0&#8243; zoom_height=&#8220;0&#8243; column_width_pixel=&#8220;700&#8243; uncode_shortcode_id=&#8220;173533&#8243;][vc_column_text uncode_shortcode_id=&#8220;368371&#8243;]<strong>Durch die Fa. Ertl Faipari Kft. und die Fa. ER-FA 2000 Faipari Kft. &#8211; die die ERTL-Gruppe bilden &#8211; wird erzielt, ihre innovativen Produkte, qualitativ hochwertigen und preiswerten Dienstleistungen jederzeit mit hoher Fachkompetenz, zuverlässig und fristgerecht ihren Kunden zu liefern bzw. zu erfüllen.  </strong>[/vc_column_text][vc_custom_heading heading_semantic=&#8220;h3&#8243; text_size=&#8220;h3&#8243; text_weight=&#8220;700&#8243; uncode_shortcode_id=&#8220;112306&#8243; el_class=&#8220;quote&#8220;]Wir erzielen und planen, die von<br />
unseren Kunden/Auftraggebern erträumten Möbel zu realisieren.[/vc_custom_heading][vc_column_text text_lead=&#8220;yes&#8220; uncode_shortcode_id=&#8220;143909&#8243;]Die Geschichte unserer Unternehmensgruppe geht bis auf das Jahr 1990 zurück, als Ferenc Ertl als Tischler seine selbstständige unternehmerische Tätigkeit gestartet hat. Im Jahr 1995 hat er einen Teil des heutigen Betriebsgeländes gekauft und 1996 die Firma ER-FA 2000 Faipari Kft gegründet, die im Bereich Handel mit Möbelgrundstoffen und Möbelzubehören sowie in der Herstellung von individuellen Möbeln tätig ist. </p>
<p>Im Jahr 1996 haben wir unser Geschäft in Székesfehérvár eröffnet. Einer der wichtigsten Meilensteine im Leben der Unternehmensgruppe ist dann im Jahr 2001 eingetreten, als die Bereiche Handel und Möbelproduktion getrennt wurden und die Fa. ERTL Faipari Kft. gegründet wurde. Durch die Trennung der beiden Hauptaktivitäten konnten wir die Materialbeschaffung und die kaufmännischen Aufgaben optimieren und die Produktion wirtschaftlicher und kostengünstiger realisieren.[/vc_column_text][/vc_column][/vc_row][vc_row unlock_row_content=&#8220;yes&#8220; row_height_percent=&#8220;0&#8243; overlay_alpha=&#8220;50&#8243; gutter_size=&#8220;3&#8243; column_width_percent=&#8220;100&#8243; shift_y=&#8220;0&#8243; z_index=&#8220;0&#8243; uncode_shortcode_id=&#8220;137274&#8243;][vc_column column_width_percent=&#8220;100&#8243; position_vertical=&#8220;middle&#8220; align_horizontal=&#8220;align_center&#8220; gutter_size=&#8220;3&#8243; overlay_alpha=&#8220;50&#8243; shift_x=&#8220;0&#8243; shift_y=&#8220;0&#8243; shift_y_down=&#8220;0&#8243; z_index=&#8220;0&#8243; medium_width=&#8220;0&#8243; mobile_width=&#8220;0&#8243; width=&#8220;1/1&#8243; uncode_shortcode_id=&#8220;767762&#8243;][vc_single_image media=&#8220;320&#8243; media_width_percent=&#8220;100&#8243; uncode_shortcode_id=&#8220;691539&#8243; el_class=&#8220;respo-svg&#8220;][/vc_column][/vc_row][vc_row row_height_percent=&#8220;0&#8243; override_padding=&#8220;yes&#8220; h_padding=&#8220;2&#8243; top_padding=&#8220;3&#8243; bottom_padding=&#8220;2&#8243; overlay_alpha=&#8220;100&#8243; gutter_size=&#8220;3&#8243; column_width_percent=&#8220;100&#8243; shift_y=&#8220;0&#8243; z_index=&#8220;0&#8243; row_height_use_pixel=&#8220;&#8220; uncode_shortcode_id=&#8220;111227&#8243; shape_dividers=&#8220;&#8220;][vc_column column_width_use_pixel=&#8220;yes&#8220; gutter_size=&#8220;3&#8243; overlay_alpha=&#8220;50&#8243; shift_x=&#8220;0&#8243; shift_y=&#8220;0&#8243; shift_y_down=&#8220;0&#8243; z_index=&#8220;0&#8243; medium_width=&#8220;0&#8243; mobile_width=&#8220;0&#8243; zoom_width=&#8220;0&#8243; zoom_height=&#8220;0&#8243; column_width_pixel=&#8220;700&#8243; uncode_shortcode_id=&#8220;173533&#8243;][vc_column_text text_lead=&#8220;yes&#8220; uncode_shortcode_id=&#8220;302344&#8243;]In unserer Produktionsstätte sind alle Voraussetzungen erfüllt, um Möbel herzustellen, die den heutigen Anforderungen bzw. Erwartungen entsprechen. Unsere Kapazitäten erlauben es uns, große Projekte zu übernehmen, und wir verfügen auch über den entsprechenden beruflichen Hintergrund sowie Erfahrungen, individuelle Produkte herzustellen. Die Qualität spielt eine wichtige Rolle in der Ideologie unseres Unternehmens, deshalb betrachten wir die Qualitätskontrolle als eine besondere Aufgabe (mit Priorität). Dies hat es uns ermöglicht, ein wichtiger Lieferant für mehrere internationale Netzwerke zu werden.   </p>
<p>Heute sorgen 160 Mitarbeiter, eine Produktionsstätte mit einer Grundfläche von 4500 Quadratmetern, Lagerflächen für Werkstoffe und Fertigprodukte von 5300 Quadratmetern, sowie Einzelhandelsgeschäfte und Büroräume auf insgesamt 1600 Quadratmetern für die optimalen Arbeitsbedingungen. Im Jahr 2021 hat unser Umsatz 1 Milliarde HUF erreicht. Wir haben Möbel in mehr als 20 Länder weltweit geliefert.[/vc_column_text][/vc_column][/vc_row][vc_row unlock_row_content=&#8220;yes&#8220; row_height_percent=&#8220;0&#8243; override_padding=&#8220;yes&#8220; h_padding=&#8220;0&#8243; top_padding=&#8220;2&#8243; bottom_padding=&#8220;2&#8243; overlay_alpha=&#8220;50&#8243; gutter_size=&#8220;3&#8243; column_width_percent=&#8220;100&#8243; shift_y=&#8220;0&#8243; z_index=&#8220;0&#8243; uncode_shortcode_id=&#8220;197830&#8243;][vc_column width=&#8220;1/1&#8243;][uncode_block id=&#8220;311&#8243;][/vc_column][/vc_row]</p>
</section>

<p>Heute arbeiten wir für zufriedene, wiederkehrende Kunden in Ungarn und auch in ganz Europa.</p>
